omposite?
True
Let n(l) = -l**3 - 3*l**2 + 5*l + 5. Let g be n(-4). Let y = -128 + 130. Is (g/y)/((-11)/(-13970)) prime?
False
Suppose -10 = 2*z, -6*z + 21073 = 3*s - 2*z. Is s composite?
True
Suppose -5*s = -a - 66695, -2*a = 2*s - 15966 - 10712. Is s prime?
True
Let m = -16 + 33. Is m/((-5)/(-110)*2) a prime number?
False
Suppose 0 = -3*l - 0*p + 3*p + 2835, -2*l + 4*p = -1900. Suppose 41*a = 45*a - l. Let c = 82 + a. Is c composite?
False
Suppose 5*h - 8 = 12. Suppose h*v - 12 = -j - 0*v, -2*v + 2 = 0. Suppose 5*d - 2*t - 619 = 0, -t - 3*t = j. Is d a prime number?
False
Let j(t) be the third derivative of 11*t**4/24 - 5*t**3/6 + 4*t**2. Let k be j(6). Suppose -k = -q + 3*g, -q - 278 = -5*q - 5*g. Is q a composite number?
False
Let c = -365 + 579. Suppose -5*n + c = -1521. Suppose 4*b - 3*k = n, k + 163 = 2*b - 4*k. Is b a prime number?
True
Is 6/(-96)*-10012*(3 - -1) composite?
False
Let l(s) = 126*s**2 + 4*s + 27. Is l(-8) prime?
True
Let d(i) = -i**2 - 13*i - 8. Let w be d(-12). Let m be ((-10)/w)/((-3)/66). Let j = m - -10. Is j composite?
True
Let q(g) = -2*g**2 - 38*g + 10639. Is q(0) composite?
False
Let z(p) = -p - 17. Let m be z(-11). Let q = -288 - m. Let g = q + 493. Is g a composite number?
False
Let t be (-3)/(-12) - 839/(-4). Let k = 337 - t. Is k prime?
True
Let w(u) = u + 6. Let a be w(-4). Suppose -a*r + 2274 = r + 5*d, -5*d = 4*r - 3037. Suppose l + o = -3*o + r, 0 = 3*l - 3*o - 2244. Is l a prime number?
True
Suppose 0*t + 2*t - 95884 = -4*l, 71913 = 3*l + 2*t. Is l a composite number?
False
Let g(j) = -j + 1. Let t(u) = 39*u - 18. Let p(y) = -40*y + 18. Let l(o) = 4*p(o) + 3*t(o). Let k(c) = 3*g(c) + l(c). Is k(-11) composite?
True
Suppose 5*s + 1303429 = 58*s. Is s a composite number?
False
Suppose 0 = -2*s + 10*s - 32. Is s/10 + (-15701)/(-35) a prime number?
True
Suppose 2*f = -2*m + 5976, 5*m - 2*m - 8967 = -2*f. Is m prime?
False
Suppose 4*a - 2 = 3*a. Suppose -4271 = -5*s + 2*g, 5*s + 1260 = -a*g + 5519. Is s composite?
False
Let t(c) = 18*c + 3893. Is t(0) composite?
True
Suppose 0 = -2*b - 3*t + 172, 2*t - 86 = -b - 0*b. Suppose -286 + b = -2*w. Let n = -66 + w. Is n a prime number?
False
Let z(r) = r**2 - 10*r - 14. Let j be z(10). Let h = j + 18. Suppose -3*x - 121 + 2634 = 4*g, 0 = -h*x + g + 3357. Is x composite?
False
Let u(g) = g**2 + 6*g - 4. Let s be u(-7). Suppose 0 = -h - s*t - 6, 3*t = -5*h + t - 4. Suppose h = 8*q - 10*q + 26. Is q prime?
True
Let i(n) = 164*n - 3. Let g(z) = 163*z - 3. Let c(u) = -5*g(u) + 6*i(u). Is c(4) a composite number?
False
Let f be (2/3)/((-5 - -1)/(-12)). Let g(p) = 159*p**2 + 6*p - 7. Is g(f) a prime number?
True
Let m be ((-3)/(-15))/((-1)/(-5)). Let p(q) = 410*q**3 - 2*q**2 + 1. Is p(m) composite?
False
Let u(v) = 2*v + 7. Let z be u(-5). Let g be 1*z/(-3)*0. Suppose 0 = -3*n - g*n + 222. Is n a composite number?
True
Let h be (-8)/14 + (-218670)/42. Let r = -2752 - h. Suppose 0 = 3*x - 8*x + r. Is x a prime number?
True
Let u(p) = -24*p**3 + 2*p**2 - p. Is u(-3) a prime number?
False
Let u = 47 - 47. Suppose -2*c - 4*k + 414 = u, 0 = c + 2*c + 3*k - 627. Is c a prime number?
True
Suppose -i - 3*b = -2417, 4846 = -4*i + 6*i + 3*b. Is i a prime number?
False
Suppose -3*c = -88*c + 1040315. Is c composite?
False
Suppose 2*u = 6*u - 20. Suppose -w + 33 = 2*g, 2*g = g + u*w. Let h = -9 + g. Is h composite?
True
Suppose 46021 - 7965 = 8*d. Is d a prime number?
False
Suppose 2*v - 5*w = -0*v + 7338, 0 = -3*v + 3*w + 10989. Is v prime?
True
Suppose -23*j + 135690 = 5*u - 24*j, 81402 = 3*u - 3*j. Is u a composite number?
True
Let j = 4022 - -1559. Is j a prime number?
True
Let u = -41286 + 62135. Is u a prime number?
True
Let h be (60/9)/((-4)/(-198)). Let x = h + -109. Suppose -i + 2*r - x = -2*i, -2*r + 667 = 3*i. Is i a prime number?
True
Let z(t) = 26*t**3 - t**2 + t - 1. Let h(c) = -c**2 - c + 1. Let n be h(-2). Let f = n - -3. Is z(f) prime?
False
Suppose -46*s + 7054901 = -9*s. Is s composite?
True
Suppose 4*i = 3*z - 2, 4*z - 4*i = -i + 5. Let f be 48 - (z - (-2 + 2)). Suppose -5 = -g + f. Is g a prime number?
False
Let s(j) = 3*j + 40. Let c be s(-14). Is 212/8*6*(3 + c) prime?
False
Suppose -11*o + 7*o - 1024 = 0. Suppose 7*t - 3*t = -2084. Let k = o - t. Is k prime?
False
Let v(u) = 15*u + 4. Let g be v(5). Let x(q) = -q**3 + 10*q**2 - 3*q - 12. Let z be x(10). Let l = g + z. Is l composite?
False
Suppose 5*p + 26 = -4*y - 23, 0 = -3*p - 15. Suppose -3*x = -2*h + 3524, 2*h - x = 3*h - 1757. Is h/7 + y/21 prime?
True
Let u(j) = -29146*j - 29. Is u(-1) a prime number?
False
Suppose 0 = -5*w - 2 - 3. Let t be 9/(w + -2) + 6. Suppose -5*k + 8*d + 460 = t*d, -4*k = -d - 359. Is k a prime number?
True
Let t(r) = -3*r**2 + 27*r + 26. Let n be t(-13). Let d = n - -2679. Is d a prime number?
True
Suppose 0 = -2*h + 1792 - 366. Suppose 49 + h = 2*r. Is r prime?
False
Let g(k) = -k**3 + 18*k**2 - 4. Let z be g(18). Let y be -2*(z - -1)*-1. Is 2/(y*1/(-249)) prime?
True
Let v be (5 - 3/1) + 4. Let d(z) = z**3 - 5*z**2 + 5*z + 4. Let b be d(v). Let w = b - 19. Is w prime?
False
Let a be 54/(-3 + 6) - 3. Let z = a + 9. Is 10/2*(z + -13) prime?
False
Suppose 4*j - g - 95 = -32, -g = j - 22. Let t be (-1 - -2) + j + -10. Let n(y) = y**3 - 3*y**2 + y - 7. Is n(t) a prime number?
False
Suppose -4*r - 3*y = -r - 18, 3*r - y - 2 = 0. Suppose -4*a = -r*a, 4*a = 3*k + 384. Let s = k + 255. Is s a prime number?
True
Let g = 46 - 521. Let j = g - -698. Is j a composite number?
False
Suppose i + 0*i = 85. Suppose 16 = -0*h - 2*h. Let s = i + h. Is s a prime number?
False
Suppose -2*q + 4*q = 6. Let i be 4 + (q - (0 - 0)). Let p = i - -6. Is p a prime number?
True
Let q(r) = 3210*r**2 + 10*r + 1. Is q(1) prime?
True
Suppose -8*b - 44 = -9*b. Is (b - 45)*-1*(58 - -1) a composite number?
False
Suppose 0 = 2*o + 2*v - 6, -5*o + 3*v + 19 = 4*v. Suppose -1658 = -o*a + 1034. Is a a composite number?
False
Let f(m) = -m**3 - 2*m**2 - m. Let z be f(-2). Let w be 5/4 + (-30)/(-40). Suppose z*k = -t + 5*k - w, 4*k = -4*t + 40. Is t prime?
True
Suppose 488 = -5*w + 2348. Suppose 0 = -y - 3*f + 110, y = -2*y + 5*f + w. Is y prime?
False
Suppose 0 = k + 3*p - 954, -3*k + 0*p + 2877 = 4*p. Let b = k - 276. Is b a composite number?
True
Suppose 5*l + 2*k = 73, -l + 3*k + 28 = 10. Suppose l - 3 = 3*v. Suppose 0 = v*p + p - 665. Is p a composite number?
True
Suppose -u - j = -4*u - 5583, 0 = -4*u - 2*j - 7454. Is u/(-8) - (23/4 + -6) a prime number?
True
Suppose q + 2*v - v - 8 = 0, -4*q + 20 = v. Suppose -q*d + 6*d = 8498. Is d composite?
True
Suppose n + n + 2*m = 7524, 2*n - 7527 = -5*m. Is n a composite number?
False
Let q(d) = -d**3 - 7*d**2 - 13*d - 12. Let y be q(-5). Suppose 4*c = -3*z + 1285, 0*c = 3*z + y*c - 1287. Is z a composite number?
False
Let q = 29 - 41. Let u(c) = -34*c + 2. Let h(s) = s + 1. Let n(y) = 5*h(y) + u(y). Is n(q) prime?
False
Suppose -2*r - 2*x = x + 2477, -2*r + 2*x = 2462. Let n = -117 - r. Is n a composite number?
False
Is (6 + -2 - 3)*(1 - -5736) composite?
False
Suppose 0 = 2*a + 927 + 391. Let y = a - -1102. Let r = 856 - y. Is r prime?
False
Let c(o) = 37*o**2 + 7*o + 9. Let a be c(-3). Is (-5)/((-75)/(-6)) + a/15 a prime number?
False
Let b(i) = -i**3 + 19*i**2 + 20*i + 35. Suppose -2*m + 121 = 85. Is b(m) prime?
True
Suppose 0 = -4*f - 5*c + 285671, 3*c - 392102 + 35010 = -5*f. Is f composite?
False
Let m = 29 + -56. Is 16114/18 + 6/m a prime number?
False
Suppose -6*j = -167 - 5479. Is j a composite number?
False
Is (-7)/2 + 1254275/110 a prime number?
True
Suppose 11*w - 43 = -208. Let b = 134 - w. Is b a composite number?
False
Suppose i = 2*h + 1, 5*i = -2*h - 2 + 31. Suppose -2*o = o + i*k - 6, 2*k = 0. Suppose -381 = -o*w - w. Is w a prime number?
True
Let q(l) = 80*l**3 - 2*l + 23. Is q(6) a composite number?
False
Suppose 4*h - 7 = 5. Suppose -3*g - 2*a = 2*g - 177, 0 = 3*g - h*a - 102. Is g a composite number?
True
Suppose 5*j + 2795 = 5*u, 2*j - 2241 = -4*u + j. Let w = u - 151. Is w a prime number?
True
Suppose 1022 = -2*c - 5*d, 0 = c + 2*c - 4*d + 1510. Let s be 2/10 - c/(-5). Let z = s - -228. Is z a composite number?
False
Suppose -5*i + 208773 = -60702. Suppose -p - i = -16*p. Is p a prime number?
True
Is ((-1572428)/858)/(1/(9/(-2))) prime?
False
Le